{"id":345,"date":"2023-04-21T17:18:27","date_gmt":"2023-04-21T20:18:27","guid":{"rendered":"https:\/\/www.ibraop.org.br\/xx-sinaop\/?page_id=345"},"modified":"2023-09-14T17:13:06","modified_gmt":"2023-09-14T20:13:06","slug":"programacao","status":"publish","type":"page","link":"https:\/\/www.ibraop.org.br\/xx-sinaop\/programacao\/","title":{"rendered":"Programa\u00e7\u00e3o"},"content":{"rendered":"<p>[vc_row][vc_column][vc_column_text]<\/p>\n<p style=\"text-align: right;\">atualizada em 13\/09\/2023 &#8211; <a href=\"https:\/\/www.ibraop.org.br\/xx-sinaop\/wp-content\/uploads\/sites\/4\/2023\/09\/2programacaoXXSINAOP_13setembro.pdf\">vers\u00e3o para impress\u00e3o (pdf)<\/a><\/p>\n<p style=\"text-align: right;\"><strong>28 horas\/aula<\/strong><\/p>\n\n<table id=\"tablepress-3\" class=\"tablepress tablepress-id-3\">\n<tbody class=\"row-striping row-hover\">\n<tr class=\"row-1\">\n\t<td class=\"column-1\"><\/td><td class=\"column-2\"><strong>11\/09<\/strong><\/td><td class=\"column-3\"><\/td><td class=\"column-4\"><\/td><td class=\"column-5\"><\/td>\n<\/tr>\n<tr class=\"row-2\">\n\t<td class=\"column-1\"><\/td><td class=\"column-2\"><\/td><td class=\"column-3\">14h \u00e0s 16h<\/td><td class=\"column-4\"><\/td><td class=\"column-5\"><strong>Assembleia Geral do Ibraop<\/strong><\/td>\n<\/tr>\n<tr class=\"row-3\">\n\t<td class=\"column-1\"><\/td><td class=\"column-2\"><\/td><td class=\"column-3\">15h30<\/td><td class=\"column-4\"><\/td><td class=\"column-5\">Credenciamento<\/td>\n<\/tr>\n<tr class=\"row-4\">\n\t<td class=\"column-1\"><\/td><td class=\"column-2\"><\/td><td class=\"column-3\">17h \u00e0s 18h<\/td><td class=\"column-4\"><\/td><td class=\"column-5\"><strong>Abertura<\/strong><\/td>\n<\/tr>\n<tr class=\"row-5\">\n\t<td class=\"column-1\"><\/td><td class=\"column-2\"><\/td><td class=\"column-3\"><\/td><td class=\"column-4\"><\/td><td class=\"column-5\"><strong>Confer\u00eancias de Abertura:<\/strong><\/td>\n<\/tr>\n<tr class=\"row-6\">\n\t<td class=\"column-1\"><\/td><td class=\"column-2\"><\/td><td class=\"column-3\">18h \u00e0s 18h30<\/td><td class=\"column-4\"><\/td><td class=\"column-5\">C1 - <strong>\u201cComo o controle pode ajudar a regula\u00e7\u00e3o no cumprimento dos ODS\u201d<\/strong>, com Patr\u00edcia Valente, consultora especialista do UNOPS<\/td>\n<\/tr>\n<tr class=\"row-7\">\n\t<td class=\"column-1\"><\/td><td class=\"column-2\"><\/td><td class=\"column-3\">18h30 \u00e0s 19h<\/td><td class=\"column-4\"><\/td><td class=\"column-5\">C2 - <strong>\u201dPPA participativo: desafios e aprendizados\u201d<\/strong>, com Maria Raquel Mesquita Melo, secret\u00e1ria Adjunta Nacional de Planejamento do Minist\u00e9rio do Planejamento e Or\u00e7amento (Governo Federal)<\/td>\n<\/tr>\n<tr class=\"row-8\">\n\t<td class=\"column-1\"><\/td><td class=\"column-2\"><\/td><td class=\"column-3\">19h \u00e0s 19h30<\/td><td class=\"column-4\"><\/td><td class=\"column-5\">C3 - <strong>\u201cPrincipais regras e crit\u00e9rios de sele\u00e7\u00e3o dos financiamentos com Fundos Europeus\u201d,<\/strong>  com Pedro Cardoso, secret\u00e1rio t\u00e9cnico do PACS (Portugal)<\/td>\n<\/tr>\n<tr class=\"row-9\">\n\t<td class=\"column-1\"><\/td><td class=\"column-2\"><\/td><td class=\"column-3\">19h30 \u00e0s 21h30<\/td><td class=\"column-4\"><\/td><td class=\"column-5\">Coquetel<\/td>\n<\/tr>\n<tr class=\"row-10\">\n\t<td class=\"column-1\"><\/td><td class=\"column-2\"><\/td><td class=\"column-3\">21h30<\/td><td class=\"column-4\"><\/td><td class=\"column-5\">Encerramento das atividades do 1\u00ba dia<\/td>\n<\/tr>\n<tr class=\"row-11\">\n\t<td class=\"column-1\"><\/td><td class=\"column-2\"><strong>12\/09<\/strong><\/td><td class=\"column-3\"><\/td><td class=\"column-4\"><\/td><td class=\"column-5\"><\/td>\n<\/tr>\n<tr class=\"row-12\">\n\t<td class=\"column-1\"><\/td><td class=\"column-2\"><\/td><td class=\"column-3\"><\/td><td class=\"column-4\"><\/td><td class=\"column-5\">Painel 1 -<strong> Saneamento (ODS 6)<\/strong><br \/>\nModerador: Val\u00e9ria Cristina Gonzaga (TCE-MG)<\/td>\n<\/tr>\n<tr class=\"row-13\">\n\t<td class=\"column-1\"><\/td><td class=\"column-2\"><\/td><td class=\"column-3\">9h \u00e0s 9h30<\/td><td class=\"column-4\"><\/td><td class=\"column-5\">P1 - <strong>\u201cDesafios e Oportunidades para a Implementa\u00e7\u00e3o do Marco do Saneamento\", <\/strong> com Luana Pretto (Trata Brasil)<\/td>\n<\/tr>\n<tr class=\"row-14\">\n\t<td class=\"column-1\"><\/td><td class=\"column-2\"><\/td><td class=\"column-3\">9h30 \u00e0s 10h<\/td><td class=\"column-4\"><\/td><td class=\"column-5\">P2 - <strong>\u201cRegionaliza\u00e7\u00e3o e Governan\u00e7a\", <\/strong>com Alceu de Castro Galv\u00e3o Junior (ARCE \u2013 Ag\u00eancia Reguladora do Estado do Cear\u00e1)<\/td>\n<\/tr>\n<tr class=\"row-15\">\n\t<td class=\"column-1\"><\/td><td class=\"column-2\"><\/td><td class=\"column-3\">10h \u00e0s 10h30<\/td><td class=\"column-4\"><\/td><td class=\"column-5\">P3 - <strong>\u201cOportunidades e Desafios em fiscaliza\u00e7\u00f5es da pol\u00edtica de saneamento b\u00e1sico - contribui\u00e7\u00f5es da Rede Integrar\", <\/strong>com Ana Em\u00edlia Brasiliano Thomaz (TCE-ES)<\/td>\n<\/tr>\n<tr class=\"row-16\">\n\t<td class=\"column-1\"><\/td><td class=\"column-2\"><\/td><td class=\"column-3\">10h30 \u00e0s 11h<\/td><td class=\"column-4\"><\/td><td class=\"column-5\">P4 - <strong>\"Regionaliza\u00e7\u00e3o do Saneamento - Paralelo Brasil-Portugal\", <\/strong> com Carlos Martins (EPAL - Empresa Portuguesa das \u00c1guas Livres, S.A.)<\/td>\n<\/tr>\n<tr class=\"row-17\">\n\t<td class=\"column-1\"><\/td><td class=\"column-2\"><\/td><td class=\"column-3\">11h \u00e0s 12h<\/td><td class=\"column-4\"><\/td><td class=\"column-5\">Debate<\/td>\n<\/tr>\n<tr class=\"row-18\">\n\t<td class=\"column-1\"><\/td><td class=\"column-2\"><\/td><td class=\"column-3\">12h \u00e0s 13h30<\/td><td class=\"column-4\"><\/td><td class=\"column-5\">Intervalo de almo\u00e7o<\/td>\n<\/tr>\n<tr class=\"row-19\">\n\t<td class=\"column-1\"><\/td><td class=\"column-2\"><\/td><td class=\"column-3\"><\/td><td class=\"column-4\"><\/td><td class=\"column-5\">Painel 2 - <strong>Cidades Sustent\u00e1veis (ODS 11)<\/strong><br \/>\nModerador: Conselheiro Renato Rainha (TCDF)<\/td>\n<\/tr>\n<tr class=\"row-20\">\n\t<td class=\"column-1\"><\/td><td class=\"column-2\"><\/td><td class=\"column-3\">13h30 \u00e0s 14h<\/td><td class=\"column-4\"><\/td><td class=\"column-5\"> P5 - <strong>\u201cMobilidade e Planejamento Urbano Sustent\u00e1veis\u201d<\/strong>, Vanessa Gapriotti Nadalin (IPEA)<\/td>\n<\/tr>\n<tr class=\"row-21\">\n\t<td class=\"column-1\"><\/td><td class=\"column-2\"><\/td><td class=\"column-3\">14h \u00e0s 14h30<\/td><td class=\"column-4\"><\/td><td class=\"column-5\">P6 - <strong>\u201cCidades sustent\u00e1veis: Sucessos e li\u00e7\u00f5es aprendidas\u201d<\/strong>, com M\u00e1rcio Teixeira (UTAG IPPUC - Curitiba)<\/td>\n<\/tr>\n<tr class=\"row-22\">\n\t<td class=\"column-1\"><\/td><td class=\"column-2\"><\/td><td class=\"column-3\">14h30 \u00e0s 15h<\/td><td class=\"column-4\"><\/td><td class=\"column-5\">P7 - <strong>\u201cLimpeza urbana no conceito de cidade sustent\u00e1vel: a experi\u00eancia de Cascais\u201d<\/strong>, com Paulo Leal (Cascais Ambiente - Portugal)<\/td>\n<\/tr>\n<tr class=\"row-23\">\n\t<td class=\"column-1\"><\/td><td class=\"column-2\"><\/td><td class=\"column-3\">15h \u00e0s 15h30 <\/td><td class=\"column-4\"><\/td><td class=\"column-5\">P8 - <strong> \u201cPolui\u00e7\u00e3o do ar nas grandes cidades brasileiras: cen\u00e1rio atual e desafios\u201d<\/strong>, com Andr\u00e9 Luiz Ferreira (IEMA) <\/td>\n<\/tr>\n<tr class=\"row-24\">\n\t<td class=\"column-1\"><\/td><td class=\"column-2\"><\/td><td class=\"column-3\">13h30 \u00e0s 15h30<\/td><td class=\"column-4\"><\/td><td class=\"column-5\">Minicurso 1 - <strong>Or\u00e7amenta\u00e7\u00e3o de Obras P\u00fablicas: por que e como ajustar custos do Sicro ou Sinapi<\/strong> | Elci Pessoa J\u00fanior (Eng. Civil)<\/td>\n<\/tr>\n<tr class=\"row-25\">\n\t<td class=\"column-1\"><\/td><td class=\"column-2\"><\/td><td class=\"column-3\">15h30 \u00e0s 16h<\/td><td class=\"column-4\"><\/td><td class=\"column-5\">Intervalo para coffee break<\/td>\n<\/tr>\n<tr class=\"row-26\">\n\t<td class=\"column-1\"><\/td><td class=\"column-2\"><\/td><td class=\"column-3\"><\/td><td class=\"column-4\"><\/td><td class=\"column-5\">Painel 3 - <strong>Preven\u00e7\u00e3o e Resposta a Desastres (ODS 11, 12 e 13)<\/strong><br \/>\nModerador: Fernando Morini (TCM-SP)<\/td>\n<\/tr>\n<tr class=\"row-27\">\n\t<td class=\"column-1\"><\/td><td class=\"column-2\"><\/td><td class=\"column-3\">16h30 \u00e0s 17h<\/td><td class=\"column-4\"><\/td><td class=\"column-5\">P9 - <strong>\u201cLevantamento sobre a estrutura, a organiza\u00e7\u00e3o e o funcionamento dos controles e da gest\u00e3o de risco da atividade mineraria no Estado de Minas Gerais\u201d<\/strong>, com Douglas Oliveira (TCE-MG)<br \/>\n<\/td>\n<\/tr>\n<tr class=\"row-28\">\n\t<td class=\"column-1\"><\/td><td class=\"column-2\"><\/td><td class=\"column-3\">17h \u00e0s 17h30<\/td><td class=\"column-4\"><\/td><td class=\"column-5\">P10 \u2013 <strong>\u201cInova\u00e7\u00f5es t\u00e9cnicas aplic\u00e1veis na preven\u00e7\u00e3o a desastres naturais\u201d<\/strong>, com Raphael SantAnna (Senai SP)<br \/>\n<\/td>\n<\/tr>\n<tr class=\"row-29\">\n\t<td class=\"column-1\"><\/td><td class=\"column-2\"><\/td><td class=\"column-3\">17h30 \u00e0s 18h<\/td><td class=\"column-4\"><\/td><td class=\"column-5\"> P11 - <strong>\u201cEstudo dos par\u00e2metros da drenagem urbana a partir dos desastres decorrentes de mudan\u00e7as clim\u00e1ticas\u201d<\/strong>, com Fernando Morini (TCM-SP)<\/td>\n<\/tr>\n<tr class=\"row-30\">\n\t<td class=\"column-1\"><\/td><td class=\"column-2\"><\/td><td class=\"column-3\">16h \u00e0s 18h<\/td><td class=\"column-4\"><\/td><td class=\"column-5\">Minicurso 2 - <strong>Pontos Fundamentais de Aten\u00e7\u00e3o na Aplica\u00e7\u00e3o da Lei n\u00ba 14.133\/2021<\/strong> | Pedro Jorge Rocha de Oliveira (Ibraop)<\/td>\n<\/tr>\n<tr class=\"row-31\">\n\t<td class=\"column-1\"><\/td><td class=\"column-2\"><\/td><td class=\"column-3\">18h<\/td><td class=\"column-4\"><\/td><td class=\"column-5\">Encerramento das atividades do 2\u00ba dia<\/td>\n<\/tr>\n<tr class=\"row-32\">\n\t<td class=\"column-1\"><\/td><td class=\"column-2\"><strong>13\/09<\/strong><\/td><td class=\"column-3\"><\/td><td class=\"column-4\"><\/td><td class=\"column-5\"><\/td>\n<\/tr>\n<tr class=\"row-33\">\n\t<td class=\"column-1\"><\/td><td class=\"column-2\"><\/td><td class=\"column-3\"><\/td><td class=\"column-4\"><\/td><td class=\"column-5\">Painel 4 -<strong> Mulheres na Infraestrutura (ODS 5)<\/strong><br \/>\nModerador: Narda Consuelo Vit\u00f3rio Neiva Silva (TCE-MT)<\/td>\n<\/tr>\n<tr class=\"row-34\">\n\t<td class=\"column-1\"><\/td><td class=\"column-2\"><\/td><td class=\"column-3\">9h \u00e0s 9h30<\/td><td class=\"column-4\"><\/td><td class=\"column-5\">P12 -<strong>\"Coopera\u00e7\u00e3o Descentralizada para a Agenda 2030: A contribui\u00e7\u00e3o da Rede Integrar\u201d<\/strong>, com Renata Silveira Carvalho (TCU\/ Rede Integrar) <\/td>\n<\/tr>\n<tr class=\"row-35\">\n\t<td class=\"column-1\"><\/td><td class=\"column-2\"><\/td><td class=\"column-3\">9h30 \u00e0s 10h<\/td><td class=\"column-4\"><\/td><td class=\"column-5\">P13 - <strong>\u201cA A\u00e7\u00e3o Conjunta do TCE-PB e da Rede Integrar sobre a Desertifica\u00e7\u00e3o do Semi\u00e1rido Brasileiro\u201d<\/strong>, com L\u00facia Patr\u00edcio (TCE-PB)<\/td>\n<\/tr>\n<tr class=\"row-36\">\n\t<td class=\"column-1\"><\/td><td class=\"column-2\"><\/td><td class=\"column-3\">10h \u00e0s 10h30<\/td><td class=\"column-4\"><\/td><td class=\"column-5\">P14 - <strong>\"Observat\u00f3rio de Pol\u00edticas P\u00fablicas do TCM-SP\u201d<\/strong>, com Luciana Guerra (TCM-SP)<\/td>\n<\/tr>\n<tr class=\"row-37\">\n\t<td class=\"column-1\"><\/td><td class=\"column-2\"><\/td><td class=\"column-3\">10h30 \u00e0s 11h<\/td><td class=\"column-4\"><\/td><td class=\"column-5\">P15 - <strong>\u201cO MMD-TC, o TCE-MT e os ODS: Uma Agenda Comum para o Desenvolvimento\u201d<\/strong>, com Risodalva Castro (Atricon\/ TCE-MT)<\/td>\n<\/tr>\n<tr class=\"row-38\">\n\t<td class=\"column-1\"><\/td><td class=\"column-2\"><\/td><td class=\"column-3\">11h \u00e0s 11h30<\/td><td class=\"column-4\"><\/td><td class=\"column-5\">P16 - <strong>\u201cODS da Agenda 2030 e as Obras P\u00fablicas\u201d<\/strong>, com a conselheira substituta, Ana Cristina Moraes (TCE-RS)<\/td>\n<\/tr>\n<tr class=\"row-39\">\n\t<td class=\"column-1\"><\/td><td class=\"column-2\"><\/td><td class=\"column-3\">11h30 \u00e0s 12h<\/td><td class=\"column-4\"><\/td><td class=\"column-5\">Debate<\/td>\n<\/tr>\n<tr class=\"row-40\">\n\t<td class=\"column-1\"><\/td><td class=\"column-2\"><\/td><td class=\"column-3\">12h \u00e0s 13h30<\/td><td class=\"column-4\"><\/td><td class=\"column-5\">Intervalo de almo\u00e7o<\/td>\n<\/tr>\n<tr class=\"row-41\">\n\t<td class=\"column-1\"><\/td><td class=\"column-2\"><\/td><td class=\"column-3\">13h30 \u00e0s 15h30<\/td><td class=\"column-4\"><\/td><td class=\"column-5\">Apresenta\u00e7\u00e3o de artigos t\u00e9cnicos<br \/>\n<br \/>\nMediador: Rafael Di Bello (TCU)<br \/>\n<br \/>\nA1 \u2013 <strong>\u201cA contribui\u00e7\u00e3o da auditoria interna para a efetividade das institui\u00e7\u00f5es com o ODS 16\u201d<\/strong>, de Carla Chaves<br \/>\n<br \/>\nA2 \u2013 <strong> \u201cOs impactos na Auditoria de Controle Externo de Obras P\u00fablicas com o uso do BIM - Building Information Modelling\u201d<\/strong>, de Edson de Souza<br \/>\n<br \/>\nA3 \u2013 <strong>\u201dOs aterros sanit\u00e1rios privados nos processos de regionaliza\u00e7\u00e3o\u201d<\/strong>, de Val\u00e9ria Gonzaga<br \/>\n<\/td>\n<\/tr>\n<tr class=\"row-42\">\n\t<td class=\"column-1\"><\/td><td class=\"column-2\"><\/td><td class=\"column-3\">13h30 \u00e0s 15h30<\/td><td class=\"column-4\"><\/td><td class=\"column-5\">Minicurso 3 - <strong>Qualidade em Obras Rodovi\u00e1rias: metodologia de avalia\u00e7\u00e3o<\/strong> | Paulo Pinto (TCE-RS)<\/td>\n<\/tr>\n<tr class=\"row-43\">\n\t<td class=\"column-1\"><\/td><td class=\"column-2\"><\/td><td class=\"column-3\">15h30 \u00e0s 16h<\/td><td class=\"column-4\"><\/td><td class=\"column-5\">Intervalo para coffee break<\/td>\n<\/tr>\n<tr class=\"row-44\">\n\t<td class=\"column-1\"><\/td><td class=\"column-2\"><\/td><td class=\"column-3\">16h \u00e0s 18h<\/td><td class=\"column-4\"><\/td><td class=\"column-5\">Apresenta\u00e7\u00e3o de artigos t\u00e9cnicos<br \/>\n<br \/>\nMediador: Rafael Di Bello (TCU)<br \/>\n<br \/>\nA4 \u2013 <strong>\u201cVariabilidade construtiva das Camadas de Base e Sub-base em Pavimentos: um estudo de caso\u201d<\/strong>, de Juceline Batista dos Santos Bastos<br \/>\n<br \/>\nA5 \u2013 <strong>\u201cAvalia\u00e7\u00e3o qualitativa da estrutura de um trecho rodovi\u00e1rio, no Estado do Cear\u00e1, atrav\u00e9s de levantamentos deflectom\u00e9tricos e retroan\u00e1lise\u201d<\/strong>, de Ant\u00f4nio Alves Ferreira J\u00fanior e Arielton Fonteles<br \/>\n<br \/>\nA6 \u2013 <strong>\u201cImplementa\u00e7\u00e3o no TCM-RJ do Programa de Qualidade do Asfalto atrav\u00e9s de controle tecnol\u00f3gico\u201d<\/strong>, de R\u00f4mulo Ferreira da Silva<br \/>\n<br \/>\nA7 \u2013 <strong>\u201cPrograma de acompanhamento de conserva\u00e7\u00e3o e manuten\u00e7\u00e3o de obras de arte especiais no munic\u00edpio do Rio de Janeiro\u201d<\/strong>, de  Flavio Shiraki Lamouche<\/td>\n<\/tr>\n<tr class=\"row-45\">\n\t<td class=\"column-1\"><\/td><td class=\"column-2\"><\/td><td class=\"column-3\">18h<\/td><td class=\"column-4\"><\/td><td class=\"column-5\">Encerramento das atividades do 3\u00ba dia<\/td>\n<\/tr>\n<tr class=\"row-46\">\n\t<td class=\"column-1\"><\/td><td class=\"column-2\"><strong>14\/09<\/strong><\/td><td class=\"column-3\"><\/td><td class=\"column-4\"><\/td><td class=\"column-5\"><\/td>\n<\/tr>\n<tr class=\"row-47\">\n\t<td class=\"column-1\"><\/td><td class=\"column-2\"><\/td><td class=\"column-3\"><\/td><td class=\"column-4\"><\/td><td class=\"column-5\">Painel 5 - <strong> Controle da Integridade Socioambiental da Infraestrutura (ODS 16)<\/strong><br \/>\nModerador: Amanda Faria Lima (TI-Br)<\/td>\n<\/tr>\n<tr class=\"row-48\">\n\t<td class=\"column-1\"><\/td><td class=\"column-2\"><\/td><td class=\"column-3\">9h \u00e0s 9h30<\/td><td class=\"column-4\"><\/td><td class=\"column-5\">P17 - <strong>\u201cAtua\u00e7\u00e3o do TCU no Controle de Infraestrutura: Caso da Auditoria no PNL 2035\u201d<\/strong>, com David Grubba (TCU)<br \/>\n<\/td>\n<\/tr>\n<tr class=\"row-49\">\n\t<td class=\"column-1\"><\/td><td class=\"column-2\"><\/td><td class=\"column-3\">9h \u00e0s 10h<\/td><td class=\"column-4\"><\/td><td class=\"column-5\">P18 \u2013 <strong>\u201cO Caso da Codevasf e os Ind\u00edcios de Irregularidades e Corrup\u00e7\u00e3o na Estatal\u201d<\/strong>, com Fl\u00e1vio Ferreira (Folha de S. Paulo)<\/td>\n<\/tr>\n<tr class=\"row-50\">\n\t<td class=\"column-1\"><\/td><td class=\"column-2\"><\/td><td class=\"column-3\">10h \u00e0s 10h30<\/td><td class=\"column-4\"><\/td><td class=\"column-5\">P19 - <strong>\u201cSalvaguardas Socioambientais no ciclo de investimento em infraestrutura\u201d<\/strong>, com Mariel Nakane (ISA)<\/td>\n<\/tr>\n<tr class=\"row-51\">\n\t<td class=\"column-1\"><\/td><td class=\"column-2\"><\/td><td class=\"column-3\">10h30 \u00e0s 11h<\/td><td class=\"column-4\"><\/td><td class=\"column-5\">P20 - <strong>\"Licenciamento de projetos de infraestrutura: compet\u00eancias, procedimentos e desafios\"<\/strong>, com o presidente do Ibama, Rodrigo Ant\u00f4nio de Agostinho Mendon\u00e7a; e a coordenadora-geral de Licenciamento de Empreendimentos Lineares Terrestres, Clarice Santos Veloso.<\/td>\n<\/tr>\n<tr class=\"row-52\">\n\t<td class=\"column-1\"><\/td><td class=\"column-2\"><\/td><td class=\"column-3\">11h \u00e0s 11h30<\/td><td class=\"column-4\"><\/td><td class=\"column-5\">P21 - <strong>\u201cQuais Aspectos de Integridade e Transpar\u00eancia s\u00e3o Essenciais para Promo\u00e7\u00e3o da Integridade Socioambiental?\u201d<\/strong>, com Amanda Faria Lima (Transpar\u00eancia Internacional - Brasil)<\/td>\n<\/tr>\n<tr class=\"row-53\">\n\t<td class=\"column-1\"><\/td><td class=\"column-2\"><\/td><td class=\"column-3\">11h30 \u00e0s 12h<\/td><td class=\"column-4\"><\/td><td class=\"column-5\">Debate<\/td>\n<\/tr>\n<tr class=\"row-54\">\n\t<td class=\"column-1\"><\/td><td class=\"column-2\"><\/td><td class=\"column-3\">12h \u00e0s 13h30<\/td><td class=\"column-4\"><\/td><td class=\"column-5\"> Intervalo de almo\u00e7o<\/td>\n<\/tr>\n<tr class=\"row-55\">\n\t<td class=\"column-1\"><\/td><td class=\"column-2\"><\/td><td class=\"column-3\"><\/td><td class=\"column-4\"><\/td><td class=\"column-5\">Painel 6 - <strong>Uso de Novas Tecnologias em Auditoria (ODS 9)<\/strong><br \/>\nModerador: J\u00falio Uchoa Cavalcanti Neto (TCE-PB)<\/td>\n<\/tr>\n<tr class=\"row-56\">\n\t<td class=\"column-1\"><\/td><td class=\"column-2\"><\/td><td class=\"column-3\">13h30 \u00e0s 14h<\/td><td class=\"column-4\"><\/td><td class=\"column-5\">P22 - <strong> \u201cUtiliza\u00e7\u00e3o de Medidores de Densidade N\u00e3o Nucleares (DENSITY GAUGE) em Auditorias de obras de Terraplenagem e Pavimenta\u00e7\u00e3o\u201d <\/strong>, com Daniel Brand\u00e3o (TCE-GO)<\/td>\n<\/tr>\n<tr class=\"row-57\">\n\t<td class=\"column-1\"><\/td><td class=\"column-2\"><\/td><td class=\"column-3\">14h \u00e0s 14h30<\/td><td class=\"column-4\"><\/td><td class=\"column-5\">P23 - <strong> \u201cAs novas tecnologias aplicadas na coleta e processamento de dados topogr\u00e1ficos\"<\/strong>, com Tule C\u00e9sar Barcelos Maia (TCE-GO)<\/td>\n<\/tr>\n<tr class=\"row-58\">\n\t<td class=\"column-1\"><\/td><td class=\"column-2\"><\/td><td class=\"column-3\">14h30 \u00e0s 15h<\/td><td class=\"column-4\"><\/td><td class=\"column-5\">P24 -<strong>\"Aspectos, t\u00e9cnicos, econ\u00f4micos e ambientais no tratamento de chorume de Aterros Sanit\u00e1rios\u201d,<\/strong> com Walter Pl\u00e1cido (AST Ambiente)<\/td>\n<\/tr>\n<tr class=\"row-59\">\n\t<td class=\"column-1\"><\/td><td class=\"column-2\"><\/td><td class=\"column-3\">15h \u00e0s 15h30<\/td><td class=\"column-4\"><\/td><td class=\"column-5\"> P25 - <strong>\u201cUso da tecnologia BIM para auditoria de obras p\u00fablicas\u201d<\/strong>, Rodrigues Lopes (PARS - Produtos de Processamento de dados)<\/td>\n<\/tr>\n<tr class=\"row-60\">\n\t<td class=\"column-1\"><\/td><td class=\"column-2\"><\/td><td class=\"column-3\">13h30 \u00e0s 15h30<\/td><td class=\"column-4\"><\/td><td class=\"column-5\">Minicurso 4 -<strong> C\u00e1lculo do adicional de risco<\/strong> | Andr\u00e9 Baeta (TCU) <\/td>\n<\/tr>\n<tr class=\"row-61\">\n\t<td class=\"column-1\"><\/td><td class=\"column-2\"><\/td><td class=\"column-3\">15h30 \u00e0s 16h<\/td><td class=\"column-4\"><\/td><td class=\"column-5\">Intervalo para coffee break<\/td>\n<\/tr>\n<tr class=\"row-62\">\n\t<td class=\"column-1\"><\/td><td class=\"column-2\"><\/td><td class=\"column-3\">16h \u00e0s 18h<\/td><td class=\"column-4\"><\/td><td class=\"column-5\">Divulga\u00e7\u00f5es:<br \/>\nMediador: Pedro Jorge Rocha de Oliveira (Ibraop)<br \/>\n<br \/>\n<strong>DV1 <\/strong>- Procedimentos de Auditoria para res\u00edduos s\u00f3lidos urbanos - Planilha de Pre\u00e7os, com Alysson Mattje (TCE-SC)<br \/>\n<br \/>\n<strong>DV2<\/strong> -  Procedimentos de Auditoria de Riscos e Impactos Socioambientais em Infraestrutura, com David Grubba (TCU)<br \/>\n<br \/>\n<strong>DV3 <\/strong>- Procedimentos de Auditoria para Obras Rodovi\u00e1rias, com Claudeny Simone Alves Santana (Doutoranda PET-COPPE-UFRJ \/TCE-MS)<br \/>\n<br \/>\n<strong>DV4 <\/strong>- Orienta\u00e7\u00e3o T\u00e9cnica sobre Reequil\u00edbrio Econ\u00f4mico-Financeiro de Contratos de Obras e Servi\u00e7os de Engenharia, com Pedro Jorge Rocha de Oliveira (Ibraop)<br \/>\n<br \/>\n<strong>DV5 <\/strong>-  Livro digital \u201cControle de Infraestrutura pelos Tribunais de Contas brasileiros\u201d, produzido pelo Ibraop e Transpar\u00eancia Internacional \u2013 Brasil, com apoio da Funda\u00e7\u00e3o Betty e Gordon Moore, com Amanda Faria Lima (TI-Br)<br \/>\n<br \/>\n<strong>DV6<\/strong> - Livro \u201cMulheres no Controle Externo: uma homenagem ao centen\u00e1rio de Lindalva Torquato Fernandes\u201d, com Andressa Guimar\u00e3es Torquato-Fernandes (UFF\/USP)<\/td>\n<\/tr>\n<tr class=\"row-63\">\n\t<td class=\"column-1\"><\/td><td class=\"column-2\"><\/td><td class=\"column-3\">16h \u00e0s 18h<\/td><td class=\"column-4\"><\/td><td class=\"column-5\">Minicurso 5 - <strong>Manejo de Res\u00edduos S\u00f3lidos Sustent\u00e1vel: o passo a passo<\/strong>| Andr\u00e9 Goetzinger (AGIR)<\/td>\n<\/tr>\n<tr class=\"row-64\">\n\t<td class=\"column-1\"><\/td><td class=\"column-2\"><\/td><td class=\"column-3\">18h<\/td><td class=\"column-4\"><\/td><td class=\"column-5\"> Encerramento das atividades do 4\u00ba dia<\/td>\n<\/tr>\n<tr class=\"row-65\">\n\t<td class=\"column-1\"><\/td><td class=\"column-2\"><strong>15\/09<\/strong><\/td><td class=\"column-3\"><\/td><td class=\"column-4\"><\/td><td class=\"column-5\"><\/td>\n<\/tr>\n<tr class=\"row-66\">\n\t<td class=\"column-1\"><\/td><td class=\"column-2\"><\/td><td class=\"column-3\"><\/td><td class=\"column-4\"><\/td><td class=\"column-5\">Painel 7 - <strong>Temas diversos sobre Infraestrutura e Sustentabilidade<\/strong><br \/>\nModerador: Adriana Portugal (TCDF)<\/td>\n<\/tr>\n<tr class=\"row-67\">\n\t<td class=\"column-1\"><\/td><td class=\"column-2\"><\/td><td class=\"column-3\">8h45 \u00e0s 9h<\/td><td class=\"column-4\"><\/td><td class=\"column-5\">P26 -<strong>\u201cPotencial econ\u00f4mico da recupera\u00e7\u00e3o de Res\u00edduos S\u00f3lidos Urbanos\u201d,<\/strong> com Pedro Teixeira (TCE-PE)<\/td>\n<\/tr>\n<tr class=\"row-68\">\n\t<td class=\"column-1\"><\/td><td class=\"column-2\"><\/td><td class=\"column-3\">9h \u00e0s 9h30<\/td><td class=\"column-4\"><\/td><td class=\"column-5\">P27 - <strong>\"Universaliza\u00e7\u00e3o do saneamento b\u00e1sico e melhoria da qualidade ambiental dos recursos h\u00eddricos\u201d<\/strong>, com L\u00edgia Maria Nascimento de Ara\u00fajo (ANA)<\/td>\n<\/tr>\n<tr class=\"row-69\">\n\t<td class=\"column-1\"><\/td><td class=\"column-2\"><\/td><td class=\"column-3\">9h30 \u00e0s 10h<\/td><td class=\"column-4\"><\/td><td class=\"column-5\">P28 \u2013 <strong> \u201cEstrutura\u00e7\u00f5es de PPP e Concess\u00f5es com o apoio da CAIXA<\/strong>, com Felipe Teles (Caixa Econ\u00f4mica Federal)<\/td>\n<\/tr>\n<tr class=\"row-70\">\n\t<td class=\"column-1\"><\/td><td class=\"column-2\"><\/td><td class=\"column-3\">10h \u00e0s 10h30<\/td><td class=\"column-4\"><\/td><td class=\"column-5\">P29 \u2013 <strong> \u201cObras Paradas e ODSs:  Um Olhar Municipalista\u201d<\/strong>, com Alessandra Ferreira (CNM)<\/td>\n<\/tr>\n<tr class=\"row-71\">\n\t<td class=\"column-1\"><\/td><td class=\"column-2\"><\/td><td class=\"column-3\">10h30 \u00e0s 11h<\/td><td class=\"column-4\"><\/td><td class=\"column-5\">P30 \u2013 <strong>\"Programa Brasil Mais, mosaicos e alertas gerados a partir de imagens dos sat\u00e9lites Planet, para uso em \u00f3rg\u00e3os municipais, estaduais e federais<\/strong>\", com Bruno Todeschini, Pol\u00edcia Federal<\/td>\n<\/tr>\n<tr class=\"row-72\">\n\t<td class=\"column-1\"><\/td><td class=\"column-2\"><\/td><td class=\"column-3\">11h \u00e0s 12h<\/td><td class=\"column-4\"><\/td><td class=\"column-5\"><strong>Confer\u00eancia de encerramento: <\/strong><br \/>\nC4 - <strong>\"A corrup\u00e7\u00e3o no Brasil em perspectiva hist\u00f3rica\u201d<\/strong>, com Pedro Henrique Campos (UFRRJ)<\/td>\n<\/tr>\n<tr class=\"row-73\">\n\t<td class=\"column-1\"><\/td><td class=\"column-2\"><\/td><td class=\"column-3\">12h<\/td><td class=\"column-4\"><\/td><td class=\"column-5\">Encerramento do evento<\/td>\n<\/tr>\n<\/tbody>\n<\/table>\n<!-- #tablepress-3 from cache -->\n<hr \/>\n<h6 style=\"text-align: left;\">Observa\u00e7\u00f5es:<\/h6>\n<ul>\n<li style=\"text-align: left;\">Os t\u00edtulos das palestras foram definidos pelos palestrantes<\/li>\n<\/ul>\n<p>[\/vc_column_text][\/vc_column][\/vc_row]<\/p>\n","protected":false},"excerpt":{"rendered":"<p>[vc_row][vc_column][vc_column_text] atualizada em 13\/09\/2023 &#8211; vers\u00e3o para impress\u00e3o (pdf) 28 horas\/aula Observa\u00e7\u00f5es: Os t\u00edtulos das palestras foram definidos pelos palestrantes [\/vc_column_text][\/vc_column][\/vc_row]<\/p>\n","protected":false},"author":3,"featured_media":0,"parent":0,"menu_order":0,"comment_status":"closed","ping_status":"closed","template":"","meta":{"footnotes":""},"class_list":["post-345","page","type-page","status-publish","hentry","post"],"_links":{"self":[{"href":"https:\/\/www.ibraop.org.br\/xx-sinaop\/wp-json\/wp\/v2\/pages\/345","targetHints":{"allow":["GET"]}}],"collection":[{"href":"https:\/\/www.ibraop.org.br\/xx-sinaop\/wp-json\/wp\/v2\/pages"}],"about":[{"href":"https:\/\/www.ibraop.org.br\/xx-sinaop\/wp-json\/wp\/v2\/types\/page"}],"author":[{"embeddable":true,"href":"https:\/\/www.ibraop.org.br\/xx-sinaop\/wp-json\/wp\/v2\/users\/3"}],"replies":[{"embeddable":true,"href":"https:\/\/www.ibraop.org.br\/xx-sinaop\/wp-json\/wp\/v2\/comments?post=345"}],"version-history":[{"count":120,"href":"https:\/\/www.ibraop.org.br\/xx-sinaop\/wp-json\/wp\/v2\/pages\/345\/revisions"}],"predecessor-version":[{"id":1348,"href":"https:\/\/www.ibraop.org.br\/xx-sinaop\/wp-json\/wp\/v2\/pages\/345\/revisions\/1348"}],"wp:attachment":[{"href":"https:\/\/www.ibraop.org.br\/xx-sinaop\/wp-json\/wp\/v2\/media?parent=345"}],"curies":[{"name":"wp","href":"https:\/\/api.w.org\/{rel}","templated":true}]}}