{"id":2,"date":"2021-09-14T17:08:55","date_gmt":"2021-09-14T20:08:55","guid":{"rendered":"https:\/\/www.ibraop.org.br\/xix-sinaop\/?page_id=2"},"modified":"2021-11-09T19:34:31","modified_gmt":"2021-11-09T22:34:31","slug":"concurso-de-videos","status":"publish","type":"page","link":"https:\/\/www.ibraop.org.br\/xix-sinaop\/concurso-de-videos\/","title":{"rendered":"Concurso de V\u00eddeos"},"content":{"rendered":"<h4 style=\"padding-left: 40px; text-align: center;\"><strong>1\u00ba CONCURSO DE V\u00cdDEOS<\/strong><\/h4>\n<h4 style=\"padding-left: 40px; text-align: center;\"><strong>SOBRE AUDITORIA DE OBRAS P\u00daBLICAS<sup><a>[1]<\/a><\/sup><\/strong><\/h4>\n<p style=\"padding-left: 40px; text-align: justify;\">O Instituto Brasileiro de Auditoria de Obras P\u00fablicas &#8211; IBRAOP, nos termos do presente edital, torna p\u00fablico que estar\u00e1 aberto, no per\u00edodo de\u00a0<strong>1\u00ba de OUTUBRO<\/strong> a <strong>15 de NOVEMBRO de 2021<\/strong>, o prazo para apresenta\u00e7\u00e3o de trabalhos no 1\u00ba CONCURSO DE V\u00cdDEOS SOBRE AUDITORIA DE OBRAS P\u00daBLICAS.<\/p>\n<h4 style=\"padding-left: 40px; text-align: justify;\"><strong>1. Disposi\u00e7\u00f5es Iniciais<\/strong><\/h4>\n<p style=\"padding-left: 40px; text-align: justify;\">O Concurso de V\u00eddeos sobre Auditoria de Obras P\u00fablicas tem por prop\u00f3sito estimular a produ\u00e7\u00e3o de material audiovisual, na \u00e1rea de auditoria de obras p\u00fablicas, que contribua para o aperfei\u00e7oamento das t\u00e9cnicas de auditoria por meio de a\u00e7\u00f5es educacionais promovidas pelo IBRAOP, principalmente abordando os desafios sobre o controle das obras p\u00fablicas no que se refere \u00e0s diferentes tem\u00e1ticas do XIX Simp\u00f3sio Nacional de Auditoria de Obras P\u00fablicas \u2013 SINAOP (de 22 a 26 de novembro de 2021), que s\u00e3o:<\/p>\n<ol style=\"text-align: justify;\">\n<li style=\"list-style-type: none;\">\n<ol>\n<li>Perspectivas da nova lei de licita\u00e7\u00f5es e contratos nas obras p\u00fablicas;<\/li>\n<li>O BIM nas contrata\u00e7\u00f5es p\u00fablicas;<\/li>\n<li>Perspectivas sobre o novo marco de saneamento b\u00e1sico;<\/li>\n<li>Auditoria em obras rodovi\u00e1rias: impactos do MeDiNa e da nova lei de licita\u00e7\u00f5es e contratos;<\/li>\n<li>Planejamentos das fiscaliza\u00e7\u00f5es pelos TCs: auditorias de conformidade ou operacionais no controle externo de obras e servi\u00e7os de engenharia e<\/li>\n<li>Atua\u00e7\u00e3o do controle externo na preserva\u00e7\u00e3o do meio ambiente na infraestrutura.<\/li>\n<\/ol>\n<\/li>\n<\/ol>\n<h4 style=\"padding-left: 40px; text-align: justify;\"><strong>2. Dos Participantes<\/strong><\/h4>\n<p style=\"padding-left: 40px; text-align: justify;\">Estar\u00e3o aptos a participar do Concurso os associados e auditores dos Tribunais de Contas com trabalhos em desenvolvimento ou j\u00e1 desenvolvidos.<\/p>\n<p style=\"padding-left: 40px; text-align: justify;\">Os membros da diretoria executiva &#8211; DIEX do IBRAOP poder\u00e3o participar do concurso, mas n\u00e3o poder\u00e3o ser premiados. Caso o v\u00eddeo vencedor seja de algum diretor da DIEX, a premia\u00e7\u00e3o se destinar\u00e1 ao v\u00eddeo classificado na sequ\u00eancia da lista de pontua\u00e7\u00e3o dos v\u00eddeos concorrentes que n\u00e3o seja de autoria de um diretor.<\/p>\n<h4 style=\"padding-left: 40px; text-align: justify;\"><strong>3. Da Autoria<\/strong><\/h4>\n<p style=\"padding-left: 40px; text-align: justify;\">O autor dever\u00e1 ser pessoa f\u00edsica, n\u00e3o sendo admitida pessoa jur\u00eddica, p\u00fablica ou privada, ainda que sem fins lucrativos.<\/p>\n<p style=\"padding-left: 40px; text-align: justify;\">Na hip\u00f3tese de o autor contar com a colabora\u00e7\u00e3o de alguma Institui\u00e7\u00e3o Educacional para a produ\u00e7\u00e3o do v\u00eddeo, ser\u00e1 permitida a men\u00e7\u00e3o do referido apoio, na forma de \u201capoio institucional\u201d.<\/p>\n<h4 style=\"padding-left: 40px; text-align: justify;\"><strong>4. Do V\u00eddeo<\/strong><\/h4>\n<p style=\"padding-left: 40px; text-align: justify;\">O v\u00eddeo dever\u00e1 abordar uma quest\u00e3o da auditoria de obras p\u00fablicas nos temas do XIX SINAOP, explicando a mat\u00e9ria de forma clara, sint\u00e9tica, abrangente e did\u00e1tica, de modo que possa compor, no futuro, um material did\u00e1tico do IBRAOP.<\/p>\n<p style=\"padding-left: 40px; text-align: justify;\">Poder\u00e1 ser utilizado qualquer expediente ou recurso tecnol\u00f3gico para a produ\u00e7\u00e3o do trabalho, tais como anima\u00e7\u00e3o gr\u00e1fica, palestra, document\u00e1rio, reconstru\u00e7\u00e3o dram\u00e1tica, diagramas, simula\u00e7\u00f5es, demonstra\u00e7\u00f5es f\u00edsicas ou entrevistas.<\/p>\n<p style=\"padding-left: 40px; text-align: justify;\">O v\u00eddeo dever\u00e1 ser entregue em formato mp4, com 16:9 de propor\u00e7\u00e3o (horizontal) e resolu\u00e7\u00e3o m\u00ednima de 1280 x 720 (720p) e m\u00e1xima de 1920 x 1080 (1080p). Sua dura\u00e7\u00e3o \u00e9 de at\u00e9 4 (quatro) minutos, de acordo com o cron\u00f4metro do site do YouTube.<\/p>\n<p style=\"padding-left: 40px; text-align: justify;\">O trabalho n\u00e3o poder\u00e1 ter sido objeto de qualquer tipo de apresenta\u00e7\u00e3o, veicula\u00e7\u00e3o ou publica\u00e7\u00e3o parcial ou integral (inclusive em sites, blogs e redes sociais da internet) antes da inscri\u00e7\u00e3o e at\u00e9 a divulga\u00e7\u00e3o do resultado.<\/p>\n<h4 style=\"padding-left: 40px; text-align: justify;\"><strong>5. Da Apresenta\u00e7\u00e3o do V\u00eddeo<\/strong><\/h4>\n<p style=\"padding-left: 40px; text-align: justify;\">Os v\u00eddeos dever\u00e3o ser enviados ao IBRAOP por meio do seguinte e-mail:\u00a0<a href=\"mailto:ibraop@ibraop.org.br\" target=\"_blank\" rel=\"noopener\">ibraop@ibraop.org.br<\/a>.<\/p>\n<p style=\"padding-left: 40px; text-align: justify;\">Juntamente com o v\u00eddeo, dever\u00e1 ser enviada a\u00a0<strong>DECLARA\u00c7\u00c3O DE AUTENTICIDADE E CESS\u00c3O DE DIREITOS AUTORAIS, DE IMAGEM E VOZ<\/strong>, constante do Anexo 1.<\/p>\n<p style=\"padding-left: 40px; text-align: justify;\">O prazo para o envio dos v\u00eddeos ter\u00e1\u00a0in\u00edcio \u00e0s <strong>8<\/strong><strong>h do dia 1\u00ba de OUTUBRO com t\u00e9rmino \u00e0s 23h59 do dia 15 de NOVEMBRO de 2021<\/strong>. Os trabalhos recebidos ap\u00f3s a data e hor\u00e1rio descritos neste edital n\u00e3o ser\u00e3o avaliados.<\/p>\n<h4 style=\"padding-left: 40px; text-align: justify;\"><strong>6. Do Julgamento<\/strong><\/h4>\n<p style=\"padding-left: 40px; text-align: justify;\">Os v\u00eddeos ser\u00e3o julgados em quatro etapas:<\/p>\n<h4 style=\"padding-left: 40px; text-align: justify;\"><strong>6.1. Exame Pr\u00e9vio de Adequa\u00e7\u00e3o<\/strong><\/h4>\n<p style=\"padding-left: 40px; text-align: justify;\">Os v\u00eddeos ser\u00e3o inicialmente examinados por uma comiss\u00e3o institu\u00edda pelo IBRAOP com o prop\u00f3sito de verificar sua adequa\u00e7\u00e3o aos crit\u00e9rios fixados neste edital, mormente relativos ao tempo de dura\u00e7\u00e3o e conte\u00fado.<\/p>\n<p style=\"padding-left: 40px; text-align: justify;\">O v\u00eddeo poder\u00e1 ser rejeitado, nesta oportunidade, em raz\u00e3o de:<\/p>\n<p style=\"padding-left: 80px; text-align: justify;\">a) n\u00e3o ser apresentado em portugu\u00eas;<\/p>\n<p style=\"padding-left: 80px; text-align: justify;\">b) possuir trecho de \u00e1udio, imagem ou texto que ofenda a propriedade de obra intelectual ou o direito de imagem de terceiros;<\/p>\n<p style=\"padding-left: 80px; text-align: justify;\">c) conter trecho de \u00e1udio, imagem ou texto que promova \u00f3dio ou possua car\u00e1ter obsceno ou pol\u00edtico;<\/p>\n<p style=\"padding-left: 80px; text-align: justify;\">d) ter sido divulgado ao p\u00fablico, em momento anterior \u00e0 sua inscri\u00e7\u00e3o no evento; e<\/p>\n<p style=\"padding-left: 80px; text-align: justify;\">e) estar incompleto, mutilado ou incompreens\u00edvel.<\/p>\n<p style=\"padding-left: 80px; text-align: justify;\">O resultado do exame pr\u00e9vio de adequa\u00e7\u00e3o ser\u00e1 divulgado no site do IBRAOP, utilizando-se o t\u00edtulo do trabalho, at\u00e9 o dia 8 de novembro de 2021.<\/p>\n<h4 style=\"padding-left: 40px; text-align: justify;\"><strong>6.2. Sele\u00e7\u00e3o Preliminar pela Comiss\u00e3o de Sele\u00e7\u00e3o<\/strong><\/h4>\n<p style=\"padding-left: 40px; text-align: justify;\">Nesta etapa, os v\u00eddeos ser\u00e3o submetidos\u00a0ao Conselho Consultivo do IBRAOP, que ser\u00e1 a Comiss\u00e3o de Sele\u00e7\u00e3o do concurso,\u00a0para pontua\u00e7\u00e3o \u00e0 luz dos seguintes crit\u00e9rios:<\/p>\n<p style=\"padding-left: 80px; text-align: justify;\">&#8211; pertin\u00eancia com o tema escolhido;<\/p>\n<p style=\"padding-left: 80px; text-align: justify;\">&#8211; originalidade, dificuldade e relev\u00e2ncia do assunto abordado;<\/p>\n<p style=\"padding-left: 80px; text-align: justify;\">&#8211; corre\u00e7\u00e3o e atualiza\u00e7\u00e3o dos conceitos e ideias;<\/p>\n<p style=\"padding-left: 80px; text-align: justify;\">&#8211; amplitude e pertin\u00eancia de eventual pesquisa doutrin\u00e1ria e jurisprudencial;<\/p>\n<p style=\"padding-left: 80px; text-align: justify;\">&#8211; clareza, articula\u00e7\u00e3o e eleg\u00e2ncia na apresenta\u00e7\u00e3o;<\/p>\n<p style=\"padding-left: 80px; text-align: justify;\">&#8211; criatividade em sua elabora\u00e7\u00e3o; e<\/p>\n<p style=\"padding-left: 80px; text-align: justify;\">&#8211; efici\u00eancia did\u00e1tica do v\u00eddeo.<\/p>\n<p style=\"padding-left: 40px; text-align: justify;\">Dessa sele\u00e7\u00e3o pr\u00e9via, ser\u00e3o selecionados, no m\u00e1ximo, tr\u00eas v\u00eddeos por tem\u00e1tica que ser\u00e3o objeto da pr\u00f3xima etapa de sele\u00e7\u00e3o.<\/p>\n<h4 style=\"padding-left: 40px; text-align: justify;\"><strong>6.3 Vota\u00e7\u00e3o da audi\u00eancia<\/strong><\/h4>\n<p style=\"padding-left: 40px; text-align: justify;\">Os v\u00eddeos ser\u00e3o submetidos \u00e0 vota\u00e7\u00e3o da audi\u00eancia do XIX SINAOP, que se realizar\u00e1 durante as apresenta\u00e7\u00f5es referentes\u00a0a cada\u00a0tem\u00e1tica. A audi\u00eancia ser\u00e1 devidamente orientada quanto \u00e0 forma de vota\u00e7\u00e3o durante o evento antes do in\u00edcio das apresenta\u00e7\u00f5es de cada tema.<\/p>\n<h4 style=\"padding-left: 40px; text-align: justify;\"><strong>6.4 Elei\u00e7\u00e3o do v\u00eddeo ganhador<\/strong><\/h4>\n<p style=\"padding-left: 40px; text-align: justify;\">Os v\u00eddeos mais votados de cada tem\u00e1tica ser\u00e3o analisados em conjunto pela Comiss\u00e3o de Sele\u00e7\u00e3o, adotando-se os mesmos crit\u00e9rios mencionados no t\u00f3pico 6.2, para a elabora\u00e7\u00e3o de uma lista de classifica\u00e7\u00e3o dos v\u00eddeos em ordem decrescente de avalia\u00e7\u00e3o. O v\u00eddeo ganhador ser\u00e1 o mais bem classificado de acordo com a lista preparada pela Comiss\u00e3o.<\/p>\n<h4 style=\"padding-left: 40px; text-align: justify;\"><strong>7. Da Premia\u00e7\u00e3o<\/strong><\/h4>\n<p style=\"padding-left: 40px; text-align: justify;\">Ser\u00e1 atribu\u00eddo ao v\u00eddeo vencedor do Concurso uma premia\u00e7\u00e3o de R$ 3.000,00 (tr\u00eas mil reais), que dever\u00e1 ser utilizada na realiza\u00e7\u00e3o de um curso afeto \u00e0 \u00e1rea de obras p\u00fablicas, com\u00a0aprova\u00e7\u00e3o pr\u00e9via\u00a0pela Diretoria Executiva do IBRAOP quando da inscri\u00e7\u00e3o do vencedor no curso.<\/p>\n<p style=\"padding-left: 40px; text-align: justify;\">Ser\u00e1 divulgado o vencedor no \u00faltimo dia do evento, dia 26 de novembro de 2021, no encerramento do evento.<\/p>\n<p style=\"padding-left: 40px; text-align: justify;\">A premia\u00e7\u00e3o \u00e9 pessoal e intransfer\u00edvel.<\/p>\n<p style=\"padding-left: 40px; text-align: justify;\">O autor dever\u00e1 estar presente ao evento no momento da divulga\u00e7\u00e3o dos resultados. Caso o autor n\u00e3o esteja presente, a premia\u00e7\u00e3o ser\u00e1 transferida para o pr\u00f3ximo v\u00eddeo na ordem de classifica\u00e7\u00e3o elaborada pela Comiss\u00e3o de Sele\u00e7\u00e3o.<\/p>\n<p style=\"padding-left: 40px; text-align: justify;\">O Ibraop far\u00e1 o pagamento da respectiva inscri\u00e7\u00e3o ao vencedor mediante ressarcimento a partir de presta\u00e7\u00e3o de contas elaborada em at\u00e9 30 (trinta) dias da realiza\u00e7\u00e3o do curso, conforme modelo constante do Anexo 2, anexando o certificado de realiza\u00e7\u00e3o do curso e comprova\u00e7\u00e3o de pagamento. Ap\u00f3s esse prazo, o vencedor perde o direito ao ressarcimento.<\/p>\n<h4 style=\"padding-left: 40px; text-align: justify;\"><strong>8. Das responsabilidades<\/strong><\/h4>\n<p style=\"padding-left: 40px; text-align: justify;\">O submissor ao apresentar\u00a0o v\u00eddeo declarar\u00e1 que \u00e9 o \u00fanico\u00a0e efetivo autor da obra, bem como que est\u00e1\u00a0no pleno gozo dos direitos autorais que incidem sobre a mesma.<\/p>\n<p style=\"padding-left: 40px; text-align: justify;\">A submiss\u00e3o do v\u00eddeo importar\u00e1 na cess\u00e3o e transfer\u00eancia, total e definitivamente, a t\u00edtulo universal \u2013 ainda que o v\u00eddeo n\u00e3o venha a ser selecionado para sua exibi\u00e7\u00e3o no evento \u2013 ao Instituto Brasileiro de Auditoria de Obras P\u00fablicas \u2013 IBRAOP, de todos os direitos patrimoniais que a legisla\u00e7\u00e3o confere ao autor de obra intelectual, especialmente os de: publica\u00e7\u00e3o; edi\u00e7\u00e3o; reprodu\u00e7\u00e3o por qualquer t\u00e9cnica inclusive fonomec\u00e2nica e v\u00eddeo fonomec\u00e2nica;\u00a0distribui\u00e7\u00e3o; tradu\u00e7\u00e3o; vers\u00e3o e adapta\u00e7\u00e3o para qualquer l\u00edngua e de modifica\u00e7\u00e3o da\u00a0obra para qualquer outro g\u00eanero compat\u00edvel com sua natureza, bem como os direitos de representa\u00e7\u00e3o, tais como, entre outros, os de exposi\u00e7\u00e3o p\u00fablica, os de transmiss\u00e3o, emiss\u00e3o ou retransmiss\u00e3o, podendo a Cession\u00e1ria, ou sucessores desta, por pessoa de sua livre escolha, ampliar e adaptar a obra para sua melhor adequa\u00e7\u00e3o ao estilo e espa\u00e7o da publica\u00e7\u00e3o em que for figurar.<\/p>\n<h4 style=\"padding-left: 40px; text-align: justify;\"><strong>9. Informa\u00e7\u00f5es finais<\/strong><\/h4>\n<p style=\"padding-left: 40px; text-align: justify;\">Os processos de sele\u00e7\u00e3o e julgamento supra mencionados ser\u00e3o registrados em atas firmadas pelos membros das respectivas comiss\u00f5es.<\/p>\n<p style=\"padding-left: 40px; text-align: justify;\">A Comiss\u00e3o de Sele\u00e7\u00e3o que atuar no Concurso ser\u00e1 soberana, estando dispensada de apresentar os fundamentos de suas escolhas, n\u00e3o cabendo recurso de suas respectivas decis\u00f5es.<\/p>\n<p style=\"padding-left: 40px; text-align: justify;\">Se, por qualquer motivo, n\u00e3o houver um n\u00famero suficiente de v\u00eddeos ou n\u00e3o for poss\u00edvel desenvolver o evento na forma prevista, a Comiss\u00e3o de Sele\u00e7\u00e3o poder\u00e1 cancelar, modificar ou suspender a recep\u00e7\u00e3o, julgamento ou apresenta\u00e7\u00e3o dos v\u00eddeos.<\/p>\n<p style=\"text-align: center;\">Vit\u00f3ria,\u00a020\u00a0de setembro de 2021.<\/p>\n<p style=\"text-align: center;\"><strong>Anderson Uliana Rolim<\/strong><\/p>\n<p style=\"text-align: center;\">Presidente do IBRAOP<\/p>\n<hr \/>\n<ul>\n<li style=\"list-style-type: none;\">\n<ul>\n<li style=\"list-style-type: none;\">\n<ul style=\"list-style-type: square;\">\n<li><a href=\"https:\/\/www.ibraop.org.br\/xix-sinaop\/wp-content\/uploads\/sites\/2\/2021\/09\/ANEXO-1-\u2013-DECLARACAO-DE-AUTENTICIDADE-E-CESSAO-DE-DIREITOS-AUTORAIS-DE-IMAGEM-E-VOZ.docx\"><strong>ANEXO 1 &#8211; DECLARA\u00c7\u00c3O DE AUTENTICIDADE E CESS\u00c3O DE DIREITOS AUTORAIS, DE IMAGEM E VOZ<\/strong><\/a><\/li>\n<\/ul>\n<\/li>\n<\/ul>\n<\/li>\n<\/ul>\n<hr \/>\n<ul>\n<li style=\"list-style-type: none;\">\n<ul>\n<li style=\"list-style-type: none;\">\n<ul style=\"list-style-type: square;\">\n<li><a href=\"https:\/\/www.ibraop.org.br\/xix-sinaop\/wp-content\/uploads\/sites\/2\/2021\/09\/ANEXO-2-RELATORIO-DE-COMPROVACAO-DE-DESPESAS-PARA-FINS-DE-REEMBOLSO.docx\"><strong>ANEXO 2 &#8211; RELAT\u00d3RIO DE COMPROVA\u00c7\u00c3O DE DESPESAS PARA FINS DE REEMBOLSO<\/strong><\/a><\/li>\n<\/ul>\n<\/li>\n<\/ul>\n<\/li>\n<\/ul>\n<hr \/>\n<pre style=\"padding-left: 80px;\"><a>[1]<\/a>\u00a0Inspirado no II CONCURSO NACIONAL DE V\u00cdDEOS JUR\u00cdDICOS EDUCACIONAIS - Pr\u00eamio Rosa Maria Andrade Nery.<\/pre>\n","protected":false},"excerpt":{"rendered":"<p>1\u00ba CONCURSO DE V\u00cdDEOS SOBRE AUDITORIA DE OBRAS P\u00daBLICAS[1] O Instituto Brasileiro de Auditoria de Obras P\u00fablicas &#8211; IBRAOP, nos termos do presente edital, torna p\u00fablico que estar\u00e1 aberto, no per\u00edodo de\u00a01\u00ba de OUTUBRO a 15 de NOVEMBRO de 2021, o prazo para apresenta\u00e7\u00e3o de trabalhos no 1\u00ba CONCURSO DE V\u00cdDEOS SOBRE AUDITORIA DE OBRAS [&hellip;]<\/p>\n","protected":false},"author":3,"featured_media":0,"parent":0,"menu_order":0,"comment_status":"closed","ping_status":"open","template":"","meta":{"footnotes":""},"class_list":["post-2","page","type-page","status-publish","hentry","post"],"_links":{"self":[{"href":"https:\/\/www.ibraop.org.br\/xix-sinaop\/wp-json\/wp\/v2\/pages\/2","targetHints":{"allow":["GET"]}}],"collection":[{"href":"https:\/\/www.ibraop.org.br\/xix-sinaop\/wp-json\/wp\/v2\/pages"}],"about":[{"href":"https:\/\/www.ibraop.org.br\/xix-sinaop\/wp-json\/wp\/v2\/types\/page"}],"author":[{"embeddable":true,"href":"https:\/\/www.ibraop.org.br\/xix-sinaop\/wp-json\/wp\/v2\/users\/3"}],"replies":[{"embeddable":true,"href":"https:\/\/www.ibraop.org.br\/xix-sinaop\/wp-json\/wp\/v2\/comments?post=2"}],"version-history":[{"count":14,"href":"https:\/\/www.ibraop.org.br\/xix-sinaop\/wp-json\/wp\/v2\/pages\/2\/revisions"}],"predecessor-version":[{"id":677,"href":"https:\/\/www.ibraop.org.br\/xix-sinaop\/wp-json\/wp\/v2\/pages\/2\/revisions\/677"}],"wp:attachment":[{"href":"https:\/\/www.ibraop.org.br\/xix-sinaop\/wp-json\/wp\/v2\/media?parent=2"}],"curies":[{"name":"wp","href":"https:\/\/api.w.org\/{rel}","templated":true}]}}