{"id":310,"date":"2024-04-17T10:48:04","date_gmt":"2024-04-17T13:48:04","guid":{"rendered":"https:\/\/www.ibraop.org.br\/enaop2024\/?page_id=310"},"modified":"2024-04-19T09:23:22","modified_gmt":"2024-04-19T12:23:22","slug":"atracoes-turisticas","status":"publish","type":"page","link":"https:\/\/www.ibraop.org.br\/enaop2024\/atracoes-turisticas\/","title":{"rendered":"Atra\u00e7\u00f5es Tur\u00edsticas"},"content":{"rendered":"<div id=\"pl-310\"  class=\"panel-layout\" ><div id=\"pg-310-0\"  class=\"panel-grid panel-no-style\" ><div id=\"pgc-310-0-0\"  class=\"panel-grid-cell panel-grid-cell-empty\" ><\/div><div id=\"pgc-310-0-1\"  class=\"panel-grid-cell panel-grid-cell-mobile-last\" ><div id=\"panel-310-0-1-0\" class=\"so-panel widget widget_sow-editor panel-first-child panel-last-child\" data-index=\"0\" ><div\n\t\t\t\n\t\t\tclass=\"so-widget-sow-editor so-widget-sow-editor-base\"\n\t\t\t\n\t\t><h3 class=\"widget-title\">Atra\u00e7\u00f5es Tur\u00edsticas<\/h3>\n<div class=\"siteorigin-widget-tinymce textwidget\">\n\t<div>\n<div>O litoral piauiense, embora seja o menor litoral do pa\u00eds, com apenas 66 quil\u00f4metros de extens\u00e3o, \u00e9 um dos mais lindos e acolhedores. Ele \u00e9 composto por quatro munic\u00edpios: Lu\u00eds Correia, Parna\u00edba, Ilha Grande e Cajueiro da Praia.<br \/>\n<strong>Vamos conhecer os pontos tur\u00edsticos de cada um deles?<\/strong><\/div>\n<div>\n<p>&nbsp;<\/p>\n<\/div>\n<div><\/div>\n<div>\n<p>A cidade de <strong>LU\u00cdS CORREIA<\/strong>, sede do ENAOP 2024, possui uma localiza\u00e7\u00e3o privilegiada por permitir o acesso a belas praias e outras paisagens naturais deslumbrantes. Aos que est\u00e3o em busca de sol, mar e tranquilidade, temos diversas op\u00e7\u00f5es.<\/p>\n<div id=\"attachment_311\" style=\"width: 310px\" class=\"wp-caption alignleft\"><a href=\"https:\/\/www.ibraop.org.br\/enaop2024\/wp-content\/uploads\/sites\/5\/2024\/04\/Luis-Correia-3-scaled-e1713360443257.jpg\"><img aria-describedby=\"caption-attachment-311\" loading=\"lazy\" decoding=\"async\" class=\"wp-image-311 size-medium\" src=\"https:\/\/www.ibraop.org.br\/enaop2024\/wp-content\/uploads\/sites\/5\/2024\/04\/Luis-Correia-3-300x200.jpg\" alt=\"\" width=\"300\" height=\"200\" \/><\/a><p id=\"caption-attachment-311\" class=\"wp-caption-text\">Lu\u00eds Correia - PI<\/p><\/div>\n<\/div>\n<div><\/div>\n<div>\n<p>A <strong>PRAIA DO COQUEIRO<\/strong> possui uma extensa faixa de areia branca e fina, banhada por \u00e1guas claras e mornas. E, ainda, uma infraestrutura tur\u00edstica bem desenvolvida, com diversos bares, restaurantes e quiosques que oferecem comodidades como aluguel de cadeiras e guarda-s\u00f3is. Esses espa\u00e7os tamb\u00e9m servem pratos t\u00edpicos da regi\u00e3o, frutos do mar frescos e bebidas refrescantes. Isso torna a Praia do Coqueiro uma op\u00e7\u00e3o conveniente para passar o dia, desfrutando de momentos de lazer e relaxamento.<\/p>\n<p>Ao lado desta praia est\u00e1 a <strong>PRAIA DE ATALAIA<\/strong>, tamb\u00e9m uma das mais conhecidas do litoral piauiense. Possui uma ampla faixa de areia plana, com ondas brandas e v\u00e1rios quiosques ao longo da orla. Recentemente, a orla passou por uma grande reforma que trouxe como resultado um cal\u00e7ad\u00e3o \u00e0 beira-mar, pontos de acessibilidade, banheiros e duas pra\u00e7as para eventos nas extremidades.<\/p>\n<p>Existem diversas outras praias, como a <strong>PRAIA PEITO DE MO\u00c7A<\/strong>, a mais tranquila e com maior contato com a natureza; \u00a0a <strong>PRAIA DE ITAQUI<\/strong>, que \u00e9 um local apropriado para a pr\u00e1tica de esportes aqu\u00e1ticos, como <em>kitesurf<\/em> e <em>stand-up paddle<\/em>; e a <strong>PRAIA DE MACAP\u00c1<\/strong>, que \u00e9 conhecida por seu p\u00f4r do sol: um espet\u00e1culo natural deslumbrante para os visitantes admirarem e fazerem fotos.<\/p>\n<div id=\"attachment_316\" style=\"width: 310px\" class=\"wp-caption alignright\"><a href=\"https:\/\/www.ibraop.org.br\/enaop2024\/wp-content\/uploads\/sites\/5\/2024\/04\/Ilha-Grande-2-scaled-e1713361348737.jpg\"><img aria-describedby=\"caption-attachment-316\" loading=\"lazy\" decoding=\"async\" class=\"wp-image-316 size-medium\" src=\"https:\/\/www.ibraop.org.br\/enaop2024\/wp-content\/uploads\/sites\/5\/2024\/04\/Ilha-Grande-2-300x200.jpg\" alt=\"\" width=\"300\" height=\"200\" \/><\/a><p id=\"caption-attachment-316\" class=\"wp-caption-text\">Ilha Grande - PI<\/p><\/div>\n<p>O munic\u00edpio de <strong>ILHA GRANDE<\/strong> \u00e9 um ponto tur\u00edstico tranquilo, perfeito pra fugir da correria do dia a dia e relaxar. Isso porque est\u00e1 localizado em uma zona preservada, garantindo que a natureza seja intocada e mantida em seu estado original. \u00c9 cheio de praias paradis\u00edacas com areias brancas e \u00e1guas cristalinas.<\/p>\n<\/div>\n<div><\/div>\n<div>\n<div id=\"attachment_312\" style=\"width: 310px\" class=\"wp-caption alignleft\"><a href=\"https:\/\/www.ibraop.org.br\/enaop2024\/wp-content\/uploads\/sites\/5\/2024\/04\/Parnaiba1-3-scaled-e1713360697559.jpg\"><img aria-describedby=\"caption-attachment-312\" loading=\"lazy\" decoding=\"async\" class=\"wp-image-312 size-medium\" src=\"https:\/\/www.ibraop.org.br\/enaop2024\/wp-content\/uploads\/sites\/5\/2024\/04\/Parnaiba1-3-300x200.jpg\" alt=\"\" width=\"300\" height=\"200\" \/><\/a><p id=\"caption-attachment-312\" class=\"wp-caption-text\">Delta do Parna\u00edba - PI<\/p><\/div>\n<\/div>\n<div><\/div>\n<div><\/div>\n<div>\u00c9 uma das cidades que comp\u00f5em e d\u00e1 acesso ao <strong>DELTA DO PARNA\u00cdBA<\/strong>: uma das principais atra\u00e7\u00f5es tur\u00edsticas da regi\u00e3o, gra\u00e7as \u00e0 sua beleza incalcul\u00e1vel. Estamos falando de uma forma\u00e7\u00e3o geogr\u00e1fica que s\u00f3 \u00e9 encontrada no nordeste brasileiro, no Egito e no Vietn\u00e3. Aqui voc\u00ea ter\u00e1 a oportunidade de avistar e se banhar em um arquip\u00e9lago com cinco diferentes sa\u00eddas para o mar, al\u00e9m do encantamento da revoada dos guar\u00e1s: ave t\u00edpica da regi\u00e3o.<\/div>\n<div><\/div>\n<div><\/div>\n<div><\/div>\n<div><\/div>\n<div>\n<div id=\"attachment_313\" style=\"width: 310px\" class=\"wp-caption alignright\"><img aria-describedby=\"caption-attachment-313\" loading=\"lazy\" decoding=\"async\" class=\"wp-image-313 size-medium\" src=\"https:\/\/www.ibraop.org.br\/enaop2024\/wp-content\/uploads\/sites\/5\/2024\/04\/Parnaiba2-9-300x200.jpg\" alt=\"\" width=\"300\" height=\"200\" \/><p id=\"caption-attachment-313\" class=\"wp-caption-text\">Parna\u00edba - PI<\/p><\/div>\n<\/div>\n<div><\/div>\n<div><\/div>\n<div>A cidade de<strong> PARNA\u00cdBA<\/strong> \u00e9 a segunda mais populosa do Estado do Piau\u00ed. \u00c9 o portal de entrada para o litoral. Passando por ela, vale a pena visitar o <strong>CENTRO HIST\u00d3RICO<\/strong> da cidade, composto por v\u00e1rios armaz\u00e9ns antigos onde funcionam pequenas lojas de artesanato local; e o <strong>PORTO DAS BARCAS<\/strong>, para conhecer o \u201cmarco zero\u201d de Parna\u00edba.<\/div>\n<div><\/div>\n<div><\/div>\n<div><\/div>\n<div><\/div>\n<div>\n<div id=\"attachment_314\" style=\"width: 310px\" class=\"wp-caption alignleft\"><img aria-describedby=\"caption-attachment-314\" loading=\"lazy\" decoding=\"async\" class=\"wp-image-314 size-medium\" src=\"https:\/\/www.ibraop.org.br\/enaop2024\/wp-content\/uploads\/sites\/5\/2024\/04\/Litoral-pedra-do-sal-Paulo-Barros-300x199.jpg\" alt=\"\" width=\"300\" height=\"199\" \/><p id=\"caption-attachment-314\" class=\"wp-caption-text\">Praia Pedra do Sal - PI<\/p><\/div>\n<p>A <strong>PRAIA PEDRA DO SAL<\/strong> \u00e9 a \u00fanica praia da cidade de Parna\u00edba. Ela est\u00e1 localizada a pouco mais de 15 km do centro e seu acesso se d\u00e1 pela ponte Simpl\u00edcio Dias. Esse ponto do litoral do Piau\u00ed tem um morro de pedras que divide a praia em duas partes, uma mais calma e outra de mar revolto. Ou seja, atende a todos os gostos, al\u00e9m de ter um belo farol.<\/p>\n<\/div>\n<div><\/div>\n<div>Por fim, n\u00e3o deixe de investir seu tempo para conhecer a <strong>CULIN\u00c1RIA PARNAIBANA<\/strong>. Procure indica\u00e7\u00f5es de bons restaurantes e sinta o sabor dos temperos frescos, como a cebolinha e a pimenta de cheiro, e das farinhas de mandioca, branca e d\u2019\u00e1gua em pratos t\u00edpicos piauienses. Apesar de as refei\u00e7\u00f5es \u00e0 base de carne de boi, remetendo \u00e0s origens do Estado, h\u00e1 uma variedade de pratos que utilizam peixes e frutos do mar na sua prepara\u00e7\u00e3o.<\/div>\n<div><\/div>\n<div><\/div>\n<div><\/div>\n<div><\/div>\n<div>\n<div id=\"attachment_315\" style=\"width: 310px\" class=\"wp-caption alignright\"><img aria-describedby=\"caption-attachment-315\" loading=\"lazy\" decoding=\"async\" class=\"wp-image-315 size-medium\" src=\"https:\/\/www.ibraop.org.br\/enaop2024\/wp-content\/uploads\/sites\/5\/2024\/04\/Cajueiro-da-Praia-4-300x200.jpg\" alt=\"\" width=\"300\" height=\"200\" \/><p id=\"caption-attachment-315\" class=\"wp-caption-text\">Cajueiro da Praia - PI<\/p><\/div>\n<p><strong>CAJUEIRO DA PRAIA<\/strong>, o \u00faltimo dos quatro munic\u00edpios do litoral do Piau\u00ed, abriga uma praia que \u00e9 um verdadeiro para\u00edso ecol\u00f3gico para quem procura tranquilidade e beleza natural: <strong>BARRA GRANDE<\/strong>. Trata-se de uma pequena vila de pescadores na costa do Estado, cuja atmosfera remota e relaxada oferece condi\u00e7\u00f5es incr\u00edveis para a pr\u00e1tica do Kite Surf e para o vislumbre de imensas dunas, veredas e buritizais, e, ainda, com uma cena noturna impec\u00e1vel, com bares, restaurantes, m\u00fasica ao vivo e muita tranquilidade.<\/p>\n<\/div>\n<div><\/div>\n<div>\n<p>Como voc\u00ea pode perceber, o Piau\u00ed \u00e9 cheio de paisagens deslumbrantes. Vale a pena \u00a0 participar do ENAOP 2024 e antecipar ou estender sua estadia para conhecer cada um desses pontos tur\u00edsticos e usufruir tudo o que o povo acolhedor desse Estado tem a oferecer.<\/p>\n<p>&nbsp;<\/p>\n<\/div>\n<ul>\n<li>Entre em contato com as empresas de turismo da regi\u00e3o para fazer passeios:<br \/>\n<strong>QUADRI TURISMO<\/strong> - (86) 99961-6263<br \/>\n<strong>ADVENTURE PHB<\/strong> - (86) 99929-1156<\/li>\n<\/ul>\n<p>&nbsp;<\/p>\n<\/div>\n<p><strong>Para outras informa\u00e7\u00f5es, acesse a aba <a href=\"https:\/\/www.ibraop.org.br\/enaop2024\/dicas\/\" target=\"_blank\" rel=\"noopener\">DICAS<\/a>, nesse mesmo hotsite!<\/strong><\/p>\n<\/div>\n<\/div><\/div><\/div><div id=\"pgc-310-0-2\"  class=\"panel-grid-cell panel-grid-cell-empty\" ><\/div><\/div><\/div>","protected":false},"excerpt":{"rendered":"<p> [&hellip;]<\/p>\n","protected":false},"author":3,"featured_media":0,"parent":0,"menu_order":0,"comment_status":"closed","ping_status":"closed","template":"","meta":{"footnotes":""},"class_list":["post-310","page","type-page","status-publish","hentry","post"],"_links":{"self":[{"href":"https:\/\/www.ibraop.org.br\/enaop2024\/wp-json\/wp\/v2\/pages\/310","targetHints":{"allow":["GET"]}}],"collection":[{"href":"https:\/\/www.ibraop.org.br\/enaop2024\/wp-json\/wp\/v2\/pages"}],"about":[{"href":"https:\/\/www.ibraop.org.br\/enaop2024\/wp-json\/wp\/v2\/types\/page"}],"author":[{"embeddable":true,"href":"https:\/\/www.ibraop.org.br\/enaop2024\/wp-json\/wp\/v2\/users\/3"}],"replies":[{"embeddable":true,"href":"https:\/\/www.ibraop.org.br\/enaop2024\/wp-json\/wp\/v2\/comments?post=310"}],"version-history":[{"count":3,"href":"https:\/\/www.ibraop.org.br\/enaop2024\/wp-json\/wp\/v2\/pages\/310\/revisions"}],"predecessor-version":[{"id":329,"href":"https:\/\/www.ibraop.org.br\/enaop2024\/wp-json\/wp\/v2\/pages\/310\/revisions\/329"}],"wp:attachment":[{"href":"https:\/\/www.ibraop.org.br\/enaop2024\/wp-json\/wp\/v2\/media?parent=310"}],"curies":[{"name":"wp","href":"https:\/\/api.w.org\/{rel}","templated":true}]}}